composite number?
True
Is 10582492331 a prime number?
True
Is 1357740119 composite?
True
Is 916658291 composite?
False
Is 38046501907 a prime number?
False
Is 340543283 a composite number?
True
Is 5834726389 a composite number?
True
Is 16899305767 prime?
True
Is 6923327693 prime?
True
Is 770758349 prime?
True
Is 30024478049 a prime number?
True
Is 9456393263 a prime number?
True
Is 188968337 a prime number?
True
Is 8167151 a composite number?
False
Is 40051085603 a prime number?
True
Is 10695428867 a prime number?
True
Is 13463644213 composite?
False
Is 37763128187 a prime number?
False
Is 7212770843 a prime number?
True
Is 2954900867 a prime number?
False
Is 1221560887 a composite number?
False
Is 3545692999 prime?
False
Is 1984326397 prime?
True
Is 2605627286 a prime number?
False
Is 152764411 a prime number?
True
Is 22090401467 prime?
True
Is 14379808103 a prime number?
True
Is 1447502921 composite?
False
Is 1794563119 a composite number?
False
Is 979775881 composite?
True
Is 24419353613 composite?
True
Is 11078373793 a composite number?
False
Is 4781011259 a prime number?
False
Is 15834726463 composite?
False
Is 642332147 a prime number?
True
Is 56925863 composite?
False
Is 568385333 prime?
True
Is 11991400549 composite?
False
Is 5070355219 composite?
True
Is 33819907 prime?
False
Is 1407351133 prime?
True
Is 1196166373 prime?
False
Is 1212454519 composite?
True
Is 11416068221 a prime number?
False
Is 7899878639 prime?
False
Is 16708710001 prime?
True
Is 38872601731 prime?
True
Is 1014940501 composite?
False
Is 29233265011 prime?
True
Is 5256302803 composite?
False
Is 7980474589 a prime number?
False
Is 233939438141 a prime number?
False
Is 723640913 a prime number?
True
Is 2410119317 a prime number?
True
Is 12840004841 prime?
True
Is 245017867 prime?
False
Is 5922170389 a prime number?
False
Is 1338527891 a prime number?
False
Is 130297820153 composite?
False
Is 815726843 a composite number?
False
Is 1585293569 a prime number?
True
Is 3424512562 a prime number?
False
Is 5193243655 prime?
False
Is 1799548213 prime?
False
Is 3788947439 prime?
True
Is 5919793441 a prime number?
True
Is 298545319 prime?
True
Is 398616415 a composite number?
True
Is 68510305907 prime?
True
Is 1788076613 a prime number?
True
Is 53557354833 a composite number?
True
Is 1005946427 a prime number?
True
Is 965984167 prime?
False
Is 53607179 prime?
False
Is 807982874 composite?
True
Is 22604789803 composite?
False
Is 238893989 prime?
False
Is 34161879431 composite?
False
Is 42949883 prime?
True
Is 2542140073 a prime number?
False
Is 554941609 prime?
False
Is 205539913 composite?
False
Is 104099076811 prime?
True
Is 119335419381 a prime number?
False
Is 77279368559 a prime number?
True
Is 155436626 composite?
True
Is 13484615783 a prime number?
True
Is 469079909 prime?
True
Is 5492450239 a composite number?
True
Is 23816378887 a composite number?
True
Is 6053512307 a composite number?
False
Is 24740520589 a composite number?
True
Is 371469151 composite?
False
Is 3382147 prime?
True
Is 266780593 prime?
False
Is 27510083677 prime?
False
Is 7611646529 a prime number?
False
Is 55373765803 a prime number?
True
Is 7511785067 a prime number?
True
Is 937927843 a composite number?
False
Is 36528749851 prime?
False
Is 1771045699 prime?
True
Is 196276607 a composite number?
False
Is 589315157 prime?
True
Is 10573247 a prime number?
False
Is 18620921393 a prime number?
True
Is 57855227 prime?
True
Is 14388945349 prime?
True
Is 1148927933 composite?
False
Is 311169011 a prime number?
True
Is 4687202743 prime?
True
Is 16725925571 composite?
True
Is 876437371 a composite number?
True
Is 3244437791 a composite number?
True
Is 2328431693 composite?
True
Is 300021747271 composite?
False
Is 7635605363 prime?
True
Is 1602614581 a prime number?
False
Is 10501245523 a prime number?
True
Is 6242394863 composite?
True
Is 7578310897 prime?
True
Is 28050518737 composite?
False
Is 520772053 composite?
True
Is 14012105559 a prime number?
False
Is 123553635407 composite?
False
Is 51227767229 a prime number?
True
Is 4415978971 prime?
False
Is 4501551701 a prime number?
True
Is 211715411 a composite number?
True
Is 12936033427 a composite number?
False
Is 7957557401 composite?
True
Is 96682307965 a composite number?
True
Is 6494240231 prime?
True
Is 2872488313 composite?
True
Is 10179544651 a prime number?
False
Is 115833394643 a prime number?
True
Is 3557441281 a composite number?
True
Is 110520350131 a composite number?
True
Is 3564743431 prime?
False
Is 31365127397 a prime number?
True
Is 668600171 composite?
False
Is 2898993703 a prime number?
False
Is 19075603 composite?
False
Is 23408553283 a composite number?
True
Is 65269290109 composite?
True
Is 2991381767 a prime number?
False
Is 18886279631 composite?
True
Is 518250181 prime?
True
Is 3890533813 composite?
False
Is 2372808793 prime?
True
Is 336229163 prime?
False
Is 524489759 composite?
False
Is 9617295673 a prime number?
False
Is 975575593 prime?
True
Is 377292719 prime?
True
Is 27446633 composite?
True
Is 257556809 a composite number?
True
Is 2337864761 a composite number?
False
Is 664953283 prime?
False
Is 6039318319 composite?
False
Is 6903224047 a composite number?
False
Is 12664161578 prime?
False
Is 50245244341 a prime number?
True
Is 203449090613 a prime number?
False
Is 4435034297 a prime number?
True
Is 124152209 prime?
True
Is 1456680521 composite?
False
Is 2004466033 a prime number?
False
Is 976728217 composite?
True
Is 582894239 a composite number?
False
Is 1272739511 prime?
True
Is 6838876049 a composite number?
False
Is 4378074163 a composite number?
False
Is 5517382174 prime?
False
Is 160287587 prime?
False
Is 806527019 prime?
False
Is 2175227207 a prime number?
True
Is 2148797759 a composite number?
True
Is 1627645727 a prime number?
True
Is 4283915621 prime?
False
Is 215376838077 a prime number?
False
Is 11320559807 prime?
True
Is 33695657647 a composite number?
False
Is 1398377294 a prime number?
False
Is 2076664643 a prime number?
True
Is 2748591893 prime?
False
Is 17256594981 prime?
False
Is 15372117673 composite?
True
Is 13167214721 composite?
True
Is 631465417 a prime number?
False
Is 535117967 a prime number?
True
Is 189176557 a composite number?
True
Is 122616498569 prime?
True
Is 41673876529 a prime number?
False
Is 1914690341 a composite number?
False
Is 5058443053 prime?
False
Is 20286457027 a prime number?
True
Is 2101644401 prime?
False
Is 26778442487 prime?
True
Is 35000341391 composite?
False
Is 1502244949 prime?
True
Is 9447022183 prime?
True
Is 338738987 a composite number?
False
Is 26312344777 a composite number?
False
Is 298171771 a composite number?
False
Is 28232407817 a composite number?
True
Is 235144909 a composite number?
False
Is 35101437659 a composite number?
False
Is 21942549439 prime?
True
Is 6308709151 prime?
True
Is 2658078377 a composite number?
True
Is 105902521 prime?
True
Is 153641129 a composite number?
True
Is 567866981 a composite number?
True
Is 130063181 composite?
False
Is 391182859 a composite number?
True
Is 557470502 a composite number?
True
Is 56946289195 composite?
True
Is 55250444251 composite?
True
Is 29737664759 a prime number?
False
Is 16960824983 a prime number?
False
Is 2346787769 composite?
False
Is 866267921 prime?
False
Is 53726162057 a prime number?
False
Is 1670186191 prime?
False
Is 8386662857 composite?
True
Is 980139257 a prime number?
True
Is 3756754853 a composite number?
False
Is 90726900037 composite?
False
Is 9106365865 a composite number?
True
Is 518528623 a prime number?
True
Is 1822611187 prime?
True
Is 9794359567 composite?
True
Is 5384278541 prime?
False
Is 1311170261 a prime number?
True
Is 704862479 a composite number?
False
Is 6391338539 prime?
True
Is 332507759 composite?
False
Is 89213934197 a prime number?
False
Is 385603541 prime?
True
Is 225793711261 prime?
True
Is 1976759459 prime?
True
Is 12293797603 composite?
True
Is 32499211847 composite?
False
Is 121294247 a prime number?
False
Is 77712487 prime?
False
Is 9232316059 a composite number?
True
Is 25789232659 a composite number?
True
Is 2342005931 composite?
False
Is 2039549839 a prime number?
False
Is 771678038 a composite number?
True
Is 180065705153 prime?
False
Is 3501992051 a prime 